-103 + 51 - -102) + -46?
4
What is 1 + 14 - (2 + -79 + 87)?
5
(-257 - -281) + (-48 - (-6 + 14 + -9))
-23
What is (9 + -1 - (-87 + 89)) + -12?
-6
What is the value of (14 - 3 - -3) + (145 - 53 - 170)?
-64
What is 15 + (-74 - (1 - (-40 + 68)))?
-32
45 - (-3 + 29) - (-1 + -8)
28
Calculate (-5 + 0 + (635 - 559) - -6) + 23.
100
Evaluate 40 + -20 + -2 + -24 + 0 + 28.
22
What is 7 + (-11 - 2) + (-24 - -43 - -53)?
66
What is 20 + 17 + 59 + -51 + 2 + 3?
50
(-17 - ((-18 - -2) + -9)) + 3
11
What is the value of 3 + -9 + (47 - (2 + 23)) + 83?
99
What is -35 - ((-2 - -3) + 5 + (8 - 21))?
-28
Evaluate (-45 - -137) + -72 - (5 + 38).
-23
Calculate 148 - ((100 - 26) + -2).
76
What is (5 - (0 + 6) - 7) + (111 - 168)?
-65
What is (-55 + 90 - -31) + -83?
-17
Evaluate 72 - (9 + -11 + -8 + -9 + 22).
69
(-10 + -14 + 34 - ((-3 - -9) + -10)) + 68
82
What is the value of -33 + 41 + -62 + 46 - (-1 + -1 - -1)?
-7
What is (0 - 42) + ((25 - -11) + -34 - 18)?
-58
Calculate (-3 - -54) + (-1 + -7 - (5 - 7) - -3).
48
Evaluate -1 + -1 + 0 + 15 - (81 - (-52 - -168)).
48
Calculate -1 + 13 - (-632 + 671 + 17 + -1).
-43
-320 + 186 + 145 + (1 - 144)
-132
What is (44 - 35) + 28 + -70 + -25?
-58
Evaluate -188 + 174 + (-3 + 18 - 1).
0
-14 - (-8 - (-6 - -16) - 0) - (-28 - 1)
33
What is the value of (-15 - 0) + (-3 - -15) + (23 - 38) - -6?
-12
Calculate -8 + 23 + 7 + -28.
-6
Calculate 1 + -3 + (20 + -23 - (22 + -10)).
-17
72 + -2 + -9 - 127
-66
What is -25 - (25 - 64) - (-2 + -1) - -5?
22
Calculate 1 + 9 + (11 - (-35 - -25)).
31
What is the value of -11 + 0 - (101 + -89) - 20?
-43
2 + -13 + 22 + -82 + 6 + -4
-69
Calculate -3 + (2 - 5) - -4 - (-15 - -63 - 4).
-46
15 - (-10 + -17 + (0 - (12 + -16)))
38
50 - (-3 + 35 + -14 + -3 - 20)
55
What is -35 + 36 + -34 - -16?
-17
Evaluate (12 + -56 - 9) + 13 + (5 - 14) + 6.
-43
Calculate (24 + 2 - 3) + (3511 - 3505).
29
What is (-1 - 1 - -87) + (43 - (12 + 27)) + 7?
96
Evaluate 63 - 64 - (5 + 1) - (12 + 4).
-23
What is the value of 14 + -39 + 15 + (-5 - -8)?
-7
Calculate -49 + 42 - (7 + -18 + 80 + -12).
-64
What is 20 - (-79 + 64 - (-40 - -14))?
9
Calculate 5 + (7 - (1 - 0)) - ((6 - -6) + 64).
-65
64 - (68 - (14 + -9))
1
Calculate 7 - (-7 - (-21 - -43)).
36
What is the value of -8474 + 8533 - (0 - 90)?
149
What is (643 - 591 - (-11 + 1 + -2 - -3)) + 8?
69
What is (-2 - 2) + 0 + 3 + 13 - (-924 + 1007)?
-71
What is 46 - (-190 - -174 - (-1 + -4 + 3))?
60
41 + (-8 - (-4 - 0 - 5)) + 13
55
What is the value of 7 - 5 - (-69 + (37 - -47))?
-13
-1290 - -1273 - (1 - 7)
-11
Calculate -52 - (-62 + 48 + (0 - (3 - 2))).
-37
-56 + -11 + -1 + (24 + (-21 - -2) - -8)
-55
Evaluate (79 - 77) + (-110 - -12 - (-2 + 3)).
-97
(11 + -20 - 2) + -1 + -6 + -2 - -1
-19
What is the value of (-47 - -48) + (1 - -4) - -34?
40
Calculate 1 + -1 + 5 + (7 - 3) + -21 + 8.
-4
Evaluate (65 + -40 - -14) + -33 - (1 + 11 + 1).
-7
What is (21 - (-12 + 20) - 71) + (-7 - (-10 + 10))?
-65
Evaluate 55 + (7 - (-17 - -24 - -6)) + 10.
59
-12 + (-8 + (3 - -14) + -86 - (16 - 24))
-81
Calculate (-1819 - -1776) + (-1 - -59).
15
Evaluate (-54 - (-1 - -1)) + (13 + (-1 - -13) - 14).
-43
Calculate 143 + -146 - (-15 + 1) - 33.
-22
Calculate (-3 - 51) + 8 + -1 + (27 - -13 - 33).
-40
What is 26 + (20 - 4 - 7) + -6 + -18?
11
Calculate 103 + -93 + 3 + -50 + (-4 - -9).
-32
Calculate -2 + -6 + (58 - (-543 + 557 - (15 - 1))).
50
Calculate 24 + (-20 - 34) - -16 - (-11 - -1).
-4
What is the value of 7 + (-68 - (-7 - -9)) - -2 - (76 - 72)?
-65
Calculate -10 - (-27 - (2 - -6)) - (15 + 6 + -12).
16
What is the value of -49 + -6 + (-3 - -1) + (2852 - 2842)?
-47
What is -30 + 23 + (-23 - -1) + -1 + 3 + 9?
-18
What is the value of 31 + (135 - 200) + (9 - (2 + -3))?
-24
Evaluate 29 + 24 - (-8 - -54).
7
Evaluate 5 - (-28 + -5) - (11 + (-5 - 2)) - -4.
38
Evaluate 464 + -476 - (1 - 31).
18
What is the value of 5 - ((7 - (18 + -6 + -1)) + 15)?
-6
What is ((-18 - -19) + -21 - -5) + 39?
24
Evaluate 12 + 1 + -20 - -14 - -37.
44
What is the value of 13 + (-13 - -2) - 25?
-23
What is the value of (-139 - 24) + -165 + 282?
-46
Calculate 6 - (24 + -105 - -36).
51
Evaluate 25 - (21 - (-10 - (2 + -22))).
14
Evaluate 43 + -44 + (-25 - -10).
-16
52 + (11 - (-14 + 41))
36
Calculate (34 - (6 + 6) - 0) + 21.
43
Evaluate 68 - 162 - -25 - -20.
-49
What is the value of -18 + 1 - (-106 - (-16 + 3 - -2))?
78
Calculate (-14 - (25 - 3)) + 43 + 2.
9
What is (26 - 11 - 37) + 7 + 10?
-5
Calculate -215 - (-82 - (-163 - -145)).
-151
What is -27 + -33 + 52 + -30?
-38
Calculate -46 + -22 + ((6 - -1) + 53 + -58 - 0).
-66
-73 - -14 - (-1074 + 1073)
-58
What is 66 + -39 + -2 + -1?
24
What is the value of -7 + -139 + ((15 - 39) + 42 - 1)?
-129
Evaluate 2 - (17 - ((2 - -23) + -50)).
-40
Evaluate (0 - (7 - (-3 + -5))) + 8 - (-19 + -3).
15
(88 - 43) + 14 - 95
-36
What is ((-7 - 0) + -1 - 2) + (-630 - -686)?
46
What is the value of 20 + 42 + -25 + -43 + 0?
-6
Calculate -40 - 0 - (-17 + (-1 - -6) - (-141 - -133)).
-36
Calculate -39 - (-77 - -46) - (-2 + -149).
143
(-19 - -33) + (0 + 0 - (15 + 6)) + -124
-131
Evaluate -1 + -1 - (-10 - (-48 - -25)) - 2.
-17
What is 56 + 46 + -48 + -45?
9
What is the value of -5 + 62 - (-16 + (5 + -16 - -11) + 12)?
61
What is the value of (-796 - -867) + -1 + -75?
-5
What is the value of -75 - -192 - -47 - 137?
27
What is (1 - -19) + -5592 + 5590?
18
(9 - (10 + -1) - -4 - -4) + (-28 - 10)
-30
Calculate 37 + (-123 - (-53 + 25) - 2).
-60
Calculate (447 - 403) + (-1 + 0 - -5) - 5.
43
Evaluate (-87 - -88) + 46 - 99.
-52
What is the value of 9 + (-8 - 6) - (-5 + 20)?
-20
What is -52 - (-41 + (67 - 63))?
-15
What is the value of -109 - -83 - (-4 + 27) - (3 - 1 - -2)?
-53
Calculate 604 + -630 - (4 + (-39 - 0)).
9
66 - (-51 + -47 + 79 + -20)
105
Evaluate -48 + 11 - (-8 + 10 - 18).
-21
-33 + 51 + (20 - -7) + 0 + -12
33
(142 - (53 - -20) - (-2 + 7)) + 24
88
What is the value of (-16 - -32) + 16 + -155?
-123
Calculate (22 - 7 - 3 - 23) + (-14 - 16).
-41
102 - (41 - (18 - 14) - 12)
77
What is -6 + (-2 - -9 - (2 + -14 + 25))?
-12
(1 - -88) + (-71 - -80 - -41) + -68
71
What is -13 - ((79 - 108) + 25)?
-9
Evaluate (-21 - (101 + -47 + -66)) + (3 + -1 - 83).
-90
Calculate 17 + (-32 - 26) - (-4 + 5 + 0).
-42
Calculate 19 - (-10 + (3 - (-20 + 42)) + 64).
-16
Calculate 12 + (2 + 12 - ((33 - 2) + -7)).
2
Calculate 3 + 0 - 2 - 24 - (76 + 74 - 139).
-34
What is (-22 - -12) + 9 - (-16 - -2)?
13
(-58 - 1) + (748 - 725)
-36
What is the value of -23 - 0 - ((-52 - 4) + 63)?
-30
Evaluate -53 + (54 - 37) - -37.
1
What is the value of (-33 - (13 + -36)) + (-2 - (-7 - -4) - 13)?
-22
-1 + 0 - -1 - (-28 - 10 - -47)
-9
What is the value of -20 + -36 - -62 - (42 - 1)?
-35
What is (-19 - (-12 - (1 - -2))) + (-10 + 46 - 2)?
30
What is -45 - (-124 + (57 - -6))?
16
What is the value of 73 + (-15 - ((14 - 51) + 18) - 9)?
68
What is the value of 102 + -41 + 22 - 70?
13
Evaluate 0 + 10 + (-13 + (15 - 20) - -15) + 52.
59
What is -379 + 442 - (35 + 5)?
23
Calculate -33 + (-8 - -49) - (1 - 0) - 11.
-4
11 - (3 - 11) - ((-1 - -9) + -20)
31
Evaluate (-730 - -722) + (-4 - (3 - 60)).
45
2 + 38 - ((-8 - (-28 - 22)) + -57)
55
What is the value of -21 - (46 + -61 + 27)?
-33
Calculate -2 + (40 - -14) - (-211 - -196).
67
What is the value of -1 + (19 + -19 - 14) + 31?
16
(-14 - -1) + -20 + (-13 - -15 - -21)
-10
Calculate (11 - (8 - -34)) + 28 - (-51 - 1).
49
What is (44 - 56) + -4 + -3 + 82 + -82?
-19
7 + (-6 - (-9 - -10) - -22)
22
Evaluate -27 - (3 - (2 - (-4 + 6)) - (-7 - -3)).
-34
What is the value of -93 + 11 + (12 - (-8 + (-3 - -30)))?
-89
What is -22 + 0 - (-14 + 36 + (289 - 289))?
-44
Evaluate (-3 + (-16 - (-22 + -1)) - 50) + 18.
-28
Calculate 1 - (0 - -31 - (-547 - -567)).
-10
What is -8 - (-5 - (-1 + 3 + -10 - -8))?
-3
What is (8 - -32 - 35) + (8 - 13) + -93?
-93
Calculate 8 - ((1 - (2 + -2)) + 1 - (-135 + 197)).
68
Calculate -9 + -11 + -10 + 19 - -18.
7
What is the value of (6 - (-2 + 16)) + 67 + -71 + (1 - 68)?
-79
What is the value of -203 + -10 + -49 + 189?
-73
Evaluate (3 - 19) + (70 - (8 - (27 - 14))).
59
What is the value of (-2 - 18 - (-110 + 108)) + 45?
27
What is 1225 - 1173 - (65 - 1)?
-12
Calculate (-23 + 16 - (-47 - 2)) + 14 - -7.
63
-476 + 454 - (-1 + 1 - 1)
-21
What is the value of -8 + (-2 - -36) + -11 - (-1 - 1)?
17
(12 - -1) + -7 + (32 - 21) + -8 + -4
5
Calc